) = -h**3 + 8*h**2 + 4*h - 10. What is r(z)?
22
Let v(t) = t**2 + 9*t. Let k(j) be the first derivative of -j**2/2 - 2*j - 16. Let u(x) = 4*k(x) + v(x). What is u(-7)?
6
Let o(l) = 38*l - 18. Let i(d) = 24*d - 12. Let r(h) = -8*i(h) + 5*o(h). Determine r(4).
-2
Let d(m) = 4*m - 1. Let x(n) = -n. Let t(r) = -2*d(r) - 9*x(r). Suppose 5*a = 6 + 4. What is t(a)?
4
Let o(g) = -g + 12. Let p be (-81)/54*20/(-3). Calculate o(p).
2
Let c(r) = r**2 + 2*r - 8. Let y(m) be the third derivative of -m**5/30 - m**4/24 + 3*m**3/2 - 3*m**2. Let v(o) = -3*c(o) - 2*y(o). Calculate v(6).
18
Let l = 1173 + -1171. Let n(p) be the third derivative of 1/60*p**5 + 1/12*p**4 + 1/2*p**3 + 0 - 4*p**l + 0*p. Determine n(-2).
3
Let n(t) = 2*t + 1. Suppose 3*p + 3 = 0, -4*o + 2 - 9 = 3*p. Let m be (0 - o/4) + (-195)/60. What is n(m)?
-5
Suppose -4*s - 2 = 5*o, -s = 3*o + 4 - 0. Let a(b) = -2*b**s + 3*b + 4*b + 9*b**2 - 6*b**2. What is a(-5)?
-10
Let n(o) be the third derivative of -o**5/60 - o**4/3 - 5*o**3/6 - 11*o**2 - 3. Calculate n(-10).
-25
Let y(o) = o**2 - 5. Let q(k) be the first derivative of k**2/2 + 4*k + 6. Let j be q(-4). What is y(j)?
-5
Let z(d) = d + 7. Let s(n) = n + 8. Let x(h) = 2*s(h) - 3*z(h). Let i be x(-9). Suppose -4*t - 8 = 2*m, -2*t - i = 4*m - 6*m. Let q(k) = k + 13. Calculate q(m).
13
Let a(u) = -52*u + 253. Let x be a(5). Let w(k) = -3*k - 7. Calculate w(x).
14
Let q(p) be the first derivative of p**2/2 - 3*p - 2. Suppose -237*v + 5 = -238*v - 5*w, 0 = -3*v + 3*w + 21. What is q(v)?
2
Suppose 0 = -6*f - 257 + 227. Let r(u) = -4*u - 7. What is r(f)?
13
Let h(w) = 5*w + 1 + 0*w + 0*w - 4*w. Let q be 3 + -2 + -3 - -2. Suppose -t = -q*t - 3. Give h(t).
4
Let l(h) = -9*h + 27. Let a be l(4). Let p(o) = -o**3 - 9*o**2 + 6. Give p(a).
6
Suppose -4*d = -3*n + 10, 4*n - 5*d = -n + 10. Let f(l) = -l**2 - l + 1. Let y(p) = -p**2 - p + 1. Let a(g) = -5*f(g) + 4*y(g). What is a(n)?
1
Let n = -21 - -57. Let k = -42 + n. Let v(j) = j + 1. Let i(q) = -q**2 - 5*q + 4. Let p(a) = -i(a) + 2*v(a). What is p(k)?
-8
Suppose 17*v - 4*m = 18*v, 5*v = -m. Let s(i) be the second derivative of 13*i + 1/6*i**3 + 6*i**2 + v. Give s(0).
12
Let m(i) be the third derivative of i**4/24 + i**3/6 + 4*i**2. Let l be (3 + -12)*2/2. Let j(p) = -p**3 - 8*p**2 + 9*p + 5. Let x be j(l). Give m(x).
6
Let m(z) = -3*z - 4. Suppose 0 = 208*d - 214*d - 12. Calculate m(d).
2
Let k(a) = -a**2 - 20*a - 96. Let g be k(-12). Let n(f) be the second derivative of g + 5*f - f**3 - 1/2*f**2. What is n(1)?
-7
Let j(w) = w**3 + 5*w**2 + 6*w + 2. Let b(g) = -g**3 + 4*g**2 - 7. Let p be b(4). Let v be 2 - (-1)/(((-28)/(-24))/p). Calculate j(v).
-6
Let i(g) be the second derivative of 2*g**3/3 + 70*g. Suppose 5*l - 5*c - 9 - 1 = 0, -l - 18 = 4*c. Calculate i(l).
-8
Let x(s) be the third derivative of 0*s + 2/3*s**3 - 4*s**2 + 0 + 1/24*s**4. What is x(-6)?
-2
Let a(v) = 3*v**2 - 6*v + 13. Let q be a(2). Let w(t) = -t**3 + 14*t**2 - 12*t - 7. Calculate w(q).
6
Let t(w) = 1111 + 1117 + w - 2229. Calculate t(2).
1
Let g = -145 + 146. Let w(j) = -25*j**3 - j**2 + j. Calculate w(g).
-25
Let b(z) = -2 - 9*z**3 + 5*z**2 + 3*z**3 + 3. Let o(d) = d**3. Let c(a) = b(a) + 5*o(a). Let p(s) = s**2 + 1. Let g be p(2). What is c(g)?
1
Let q(c) = -2*c + 29 - 14 - 3 - 5 - 6. What is q(6)?
-11
Let l(p) be the second derivative of 1/20*p**5 - 1/6*p**3 - 2*p - 7/2*p**2 - 5/12*p**4 + 0. Suppose -f = 3*d - 5*f - 31, -2*f = 5*d - 17. Calculate l(d).
-12
Let x(g) = -g**2 - 2*g. Let z(f) = -2*f**2 - 11*f - 3. Let s(r) = 3*x(r) - z(r). Calculate s(4).
7
Let y(p) be the second derivative of -p**4/6 - 3*p**2/2 + 3*p + 3. Give y(-3).
-21
Let g = 1 - 1. Suppose 3*u + 2*v + 11 = -g*v, -3*v - 9 = 2*u. Let y(n) = -4*n + 1. Give y(u).
13
Let v(f) = 0 + 2*f + 4 - f. Suppose t - 2 = -1. Let u be -2*t*(-6 + 8). What is v(u)?
0
Let t(v) be the third derivative of v**7/2520 + v**6/240 - v**5/60 + 29*v**4/24 + 13*v**2. Let c(b) be the second derivative of t(b). Determine c(-3).
-2
Let v(i) = -i + 11. Suppose 3*r + 0*n = 5*n - 9, 5*n = 5*r + 5. Let t(w) = 2*w - 21. Let z(a) = r*t(a) + 5*v(a). Give z(8).
5
Let x(t) = t**3 + 8*t**2 - 5*t + 37. Suppose -2*v - 243 = 25*v. What is x(v)?
1
Suppose 3*v - 2*i + 3 = 0, 2*v + 5*i - 40 + 42 = 0. Let x(h) = -5*h**3 - h**2 - h - 1. Calculate x(v).
4
Suppose 6 = 3*w - 5*w. Let x(s) be the first derivative of 1/2*s**2 - 2*s - 4. Give x(w).
-5
Let g(b) = -b**2 + 8*b - 7. Let x be g(7). Suppose x*o + 32 = o. Suppose 2*u = -i + 12, 0*i - 5*u + o = 3*i. Let c(q) = -q - 3. Calculate c(i).
-7
Let g(n) = -n - 11 + 6*n + 18 + 7. Let t(s) = -s. Let h(j) = g(j) + 4*t(j). Give h(-8).
6
Let v(a) = -a**2 + 8*a. Suppose -3*z + s = -12, s + 23 - 35 = -3*z. What is v(z)?
16
Let d = -15 - -15. Suppose 0 = -5*p - 11 + 51. Suppose d*l - p = -4*l. Let z(g) = g**3 - 2*g + 1. Calculate z(l).
5
Let b(y) = -2*y + 138 - 150 + 0*y. Give b(-12).
12
Let z(b) = b**3 + 10*b**2 - b + 6. Let s be 5/(-5*(-7)/(-70)). Calculate z(s).
16
Let x(p) be the first derivative of p**5/120 + p**4/8 - 20*p**3/3 - 7. Let b(a) be the third derivative of x(a). What is b(4)?
7
Let w(s) = s - 4. Let h = -9 + 11. Suppose -z - i = -17, h*i - 70 = -2*z - 2*z. Suppose -2*p - z = -5*p. What is w(p)?
2
Suppose 23 - 15 = 4*i. Let c(t) = -9*t**i + 15*t**2 - 3*t - 8*t**2. Let q be 21/(-6) - 6/(-4). Determine c(q).
-2
Let r(k) = -k**2 + k + 2. Suppose -5*j + 34 = -6. Let w = j + -1. Suppose -w*b + 9*b - 4 = 0. Determine r(b).
0
Let c(z) be the third derivative of -z**5/60 - z**4/12 + 5*z**3/3 - 18*z**2 + 6. Determine c(0).
10
Suppose 0*h + 1 = h. Let n(a) = -5*a - 3. Let d(x) = -x**2 - x - 1. Let v(l) = h*n(l) - 2*d(l). Let p(r) = -r**2 + 3*r + 3. Let q be p(3). Calculate v(q).
8
Let c(x) be the third derivative of x**6/120 - x**5/12 - 2*x**3/3 + 281*x**2. Let n = -6 + 10. Calculate c(n).
-20
Let l be (-2 - -6) + ((-3)/(-3) - -3). Let h(u) = -2*u - 1. Calculate h(l).
-17
Let v(s) be the second derivative of 1/12*s**4 - 15*s - 5/6*s**3 + 0 - 3*s**2. Calculate v(5).
-6
Let x = 1525 + -1525. Let s(d) = d**3 - 5*d + 5. What is s(x)?
5
Let c(b) be the first derivative of 8/3*b**3 - 1/4*b**4 - 7/2*b**2 + 0*b - 19. Calculate c(7).
0
Let v(s) be the first derivative of s**3/3 - 4*s**2 + 5*s - 8. What is v(6)?
-7
Let g(s) = s - 7. Let p be g(13). Let r(y) = 19*y**3 - 10*y**2 + 14*y - 35. Let b(a) = -12*a**3 + 7*a**2 - 9*a + 23. Let t(x) = -8*b(x) - 5*r(x). What is t(p)?
3
Let n(d) = -20*d + 9*d + 9 + 7*d + 5*d + 10*d + 2*d**2. Give n(-7).
30
Let m(s) = -2*s - 11. Let o be m(-8). Let w(f) = 3*f - 6*f + 12 - 5*f - f. Let r(h) = 3*h - 4. Let i(y) = 17*r(y) + 6*w(y). Determine i(o).
-11
Let o(c) = -c**2 - 7*c - 6. Let f(w) = w**2 - 7*w - 11. Let r be f(9). Let q be r/(-28) + 31/(-4). Calculate o(q).
-14
Let c(u) = -u + 19. Let n be (10/3)/(4/6). Let d(a) = -a**2 + 7*a - 2. Let m be d(n). Determine c(m).
11
Let a be (-4)/(4/7) - -3. Let z(n) = -n**2 - 4*n + 2. What is z(a)?
2
Let o be (-36)/15 - -2 - 11/(-15). Let n(k) be the first derivative of 2 - o*k**3 - 4*k + 5/2*k**2. Calculate n(5).
-4
Let u(a) = -a + a**2 - a**2 - 2*a**2 + a**2 + 10. Let o(g) = g**3 + 14*g**2 - g - 14. Let h be o(-14). What is u(h)?
10
Let s be -2 - 5/(20/(-8)). Suppose -8*r + 4*r + 16 = s. Let a be (-8)/r - (1 - -1). Let c(b) = -b**3 - 3*b**2 + 4*b + 6. Calculate c(a).
6
Let r(s) = -4*s - 6. Let o be r(-5). Let z(g) = g**2 - 17*g + 42. Let w be z(o). Let n(u) = -u - 4. Determine n(w).
-4
Let o(z) = 2*z**3 + 12*z**2 - 59*z - 15. Let x(k) = -2*k**3 - 12*k**2 + 70*k + 14. Let i(c) = -6*o(c) - 5*x(c). Determine i(-6).
-4
Let x(c) = 8*c - 2 - c**3 + 4*c**2 + 2*c**3 - 4*c + 0*c**3. Let j(p) = -p**3 - 5*p**2 - 4*p + 1. Let z(o) = -3*j(o) - 2*x(o). What is z(-6)?
13
Let h(z) = z**3 - 8*z**2 + 8*z - 5. Let j be h(7). Suppose -2*r = 2*v - 14 + 2, 5*v - 21 = -2*r. Let o(i) = -4*i + v - 4 + 4*i + 5*i**j. Calculate o(1).
4
Let x(o) = -o**3 - 9*o**2 - 2*o - 11. Suppose 0*t - 3*y = t + 6, 0 = -4*t + 4*y - 40. Give x(t).
7
Suppose s + 39 = 5*o, -33 = -4*o + s - 1. Let h(g) be the first derivative of -g**3/3 + 3*g**2 + 6*g - 6. Let u be h(o). Let c(i) = 4*i**2 + i. Give c(u).
3
Suppose -4*n - 5 - 7 = 4*x, 5*x - 4*n = 3. Let k(h) = -16*h**2 - h + 6. Let p(a) = 15*a**2 + a - 5. Let v(q) = 5*k(q) + 6*p(q). Give v(x).
9
L